of 25487167?
False
Does 3447 divide 147200688?
True
Does 19 divide 362349?
True
Is 2059 a factor of 485184706?
False
Is 44004580 a multiple of 790?
True
Is 38 a factor of 3721618692?
True
Does 291 divide 1316193?
True
Is 200 a factor of 80036000?
True
Is 12 a factor of 87201131?
False
Is 26 a factor of 3805750?
True
Is 413 a factor of 687854201?
False
Is 3 a factor of 6303820?
False
Does 457 divide 256917613?
False
Is 167832288 a multiple of 117?
True
Does 39 divide 104324865?
False
Is 41789361 a multiple of 8?
False
Does 2 divide 1112598?
True
Is 10642680 a multiple of 15?
True
Is 320822581 a multiple of 779?
True
Does 66 divide 75923?
False
Is 74842440 a multiple of 40?
True
Does 1411 divide 677098729?
False
Is 1638 a factor of 41750982?
True
Does 4558 divide 32964434?
False
Does 62 divide 100113880?
True
Is 912792440 a multiple of 10?
True
Is 48744988 a multiple of 2?
True
Is 2345 a factor of 173153635?
False
Is 19038250 a multiple of 50?
True
Is 13 a factor of 361390432?
True
Does 503 divide 34370160?
False
Is 3 a factor of 90170169?
True
Does 35 divide 1287573?
False
Does 18 divide 563757985?
False
Is 658 a factor of 3798451?
False
Is 4105 a factor of 289665570?
False
Is 3233911 a multiple of 114?
False
Does 17 divide 111070386?
False
Is 7 a factor of 25375476?
True
Is 228063000 a multiple of 100?
True
Is 25904798 a multiple of 113?
True
Is 29665914 a multiple of 4507?
False
Is 659735031 a multiple of 687?
True
Does 359 divide 57631706?
True
Does 6 divide 31030511?
False
Does 34 divide 282469558?
False
Is 1303 a factor of 32455124?
True
Is 12571725 a multiple of 25?
True
Does 20 divide 15462997?
False
Is 442814879 a multiple of 3?
False
Does 1360 divide 50539688?
False
Does 3 divide 608850972?
True
Is 517334072 a multiple of 2967?
False
Does 2 divide 21356634?
True
Is 1388 a factor of 32262672?
True
Is 6 a factor of 469800257?
False
Is 46388304 a multiple of 8?
True
Is 134 a factor of 13832552?
True
Is 659 a factor of 24488514?
False
Is 12185082 a multiple of 387?
True
Is 112666461 a multiple of 89?
False
Does 46 divide 54244028?
True
Does 1170 divide 71934650?
False
Is 221557220 a multiple of 1716?
False
Is 667165379 a multiple of 1052?
False
Does 43 divide 5421744?
False
Is 161088549 a multiple of 5?
False
Is 946914667 a multiple of 17?
False
Is 43328760 a multiple of 2670?
True
Does 21 divide 111752403?
True
Is 83163923 a multiple of 691?
True
Is 18014414 a multiple of 40?
False
Is 80291412 a multiple of 27?
True
Is 1066301560 a multiple of 5?
True
Does 1048 divide 180055872?
False
Is 75711924 a multiple of 423?
True
Does 37 divide 181449628?
True
Is 732523104 a multiple of 1616?
True
Is 94939569 a multiple of 61?
False
Is 255103477 a multiple of 846?
False
Is 209154563 a multiple of 183?
False
Does 1895 divide 114579646?
False
Is 1942 a factor of 838049509?
False
Is 3645286920 a multiple of 10343?
True
Is 83764513 a multiple of 1996?
False
Does 178 divide 71848098?
True
Is 500059772 a multiple of 43?
False
Does 150 divide 128066661?
False
Is 1099 a factor of 58332722?
True
Is 800 a factor of 54372380?
False
Is 1974289942 a multiple of 33?
False
Is 48 a factor of 69838896?
True
Is 1793724544 a multiple of 52?
False
Is 117 a factor of 10133?
False
Is 76 a factor of 1077045400?
True
Is 152 a factor of 9979070?
False
Is 794857512 a multiple of 24?
True
Does 583 divide 456561875?
True
Is 14 a factor of 24386108?
False
Is 3 a factor of 685333?
False
Is 26 a factor of 1311243843?
False
Does 7 divide 2418616536?
True
Does 1316 divide 285299130?
False
Is 460784904 a multiple of 5142?
True
Does 35 divide 2570285?
False
Is 3408718911 a multiple of 15?
False
Is 273 a factor of 430369830?
False
Is 4196 a factor of 73610646?
False
Does 1842 divide 297378006?
True
Is 106 a factor of 147158846?
True
Is 12 a factor of 703922885?
False
Is 44 a factor of 6480672?
True
Does 947 divide 180841014?
True
Is 16942107 a multiple of 72?
False
Is 108466 a multiple of 49?
False
Is 27 a factor of 101319473?
False
Is 839280032 a multiple of 1823?
True
Is 9096944 a multiple of 22?
False
Is 193836126 a multiple of 5?
False
Is 18307567 even?
False
Is 1719990 a multiple of 435?
True
Does 641 divide 148344066?
True
Does 563 divide 2453033?
False
Is 402823650 a multiple of 16?
False
Does 3651 divide 532133716?
False
Is 26783631 a multiple of 7?
True
Is 334 a factor of 20735054?
True
Is 1903765 a multiple of 56?
False
Does 646 divide 22696784?
False
Does 361 divide 40857258?
True
Is 960 a factor of 29562240?
True
Does 215 divide 588693469?
False
Does 123 divide 828275939?
False
Is 8 a factor of 682071696?
True
Is 789374720 a multiple of 20?
True
Is 119 a factor of 114328360?
False
Does 1645 divide 87445569?
False
Does 841 divide 16566820?
False
Does 1912 divide 63920332?
False
Is 852 a factor of 227765236?
False
Is 291 a factor of 1507380?
True
Is 118 a factor of 2561006038?
True
Does 215 divide 143679797?
False
Is 136192995 a multiple of 405?
True
Is 44146111 a multiple of 204?
False
Is 175727916 a multiple of 588?
True
Does 286 divide 1095730000?
False
Does 38 divide 4704648140?
True
Does 1255 divide 173207325?
False
Does 182 divide 26288030?
False
Is 1742880 a multiple of 10?
True
Is 43906422 a multiple of 51?
False
Is 424888821 a multiple of 30?
False
Does 473 divide 25885871?
True
Does 1214 divide 4031694?
True
Is 10 a factor of 10305109?
False
Is 114 a factor of 6763620?
True
Is 864 a factor of 633901248?
True
Does 138 divide 2356079364?
False
Is 313412343 a multiple of 89?
True
Does 15 divide 39147405?
True
Is 11 a factor of 85924234?
True
Is 29580015 a multiple of 347?
True
Does 16 divide 377048052?
False
Is 3562991873 a multiple of 7763?
True
Does 1122 divide 125406085?
False
Is 32038500 a multiple of 300?
True
Is 24 a factor of 174937728?
True
Is 3615759 a multiple of 22?
False
Is 15 a factor of 956689829?
False
Is 175462200 a multiple of 270?
True
Does 26 divide 61780244?
False
Is 126054144 a multiple of 27?
True
Is 4 a factor of 5062993?
False
Is 4318293 a multiple of 7?
True
Is 112744324 a multiple of 7?
True
Is 12 a factor of 34764593?
False
Does 45 divide 1806401244?
False
Is 160349536 a multiple of 776?
True
Does 44 divide 142766551?
False
Is 23 a factor of 517547541?
True
Is 5 a factor of 3125219?
False
Does 244 divide 186733200?
True
Is 266615353 a multiple of 3439?
True
Does 1746 divide 927948650?
False
Does 887 divide 218251083?
False
Is 230828146 a multiple of 23?
False
Is 38672848 a multiple of 1136?
True
Is 2773 a factor of 191087430?
True
Is 163261912 a multiple of 184?
True
Is 355793816 a multiple of 4?
True
Does 3 divide 210688995?
True
Is 112 a factor of 236279904?
True
Does 113 divide 8232285?
False
Does 44 divide 26583883?
False
Does 502 divide 598604378?
True
Is 190529967 a multiple of 2157?
True
Is 573 a factor of 301304601?
True
Is 829882260 a multiple of 2061?
True
Is 1122378 a multiple of 283?
True
Is 1065556512 a multiple of 9?
True
Is 13 a factor of 341079011?
True
Does 361 divide 9962976?
False
Is 11 a factor of 831604983?
True
Is 982 a factor of 41053809?
False
Is 3170464986 a multiple of 13?
True
Does 51 divide 39782805?
True
Is 128273265 a multiple of 354?
False
Is 7 a factor of 448758174?
False
Is 700833174 a multiple of 1378?
False
Is 104096539 a multiple of 1953?
False
Does 1777 divide 58466854?
True
Is 210733520 a multiple of 15?
False
Is 10630669 a multiple of 44?
False
Is 50728699 a multiple of 426?
False
Is 249954340 a multiple of 460?
True
Is 183532176 a multiple of 18?
True
Is 158677760 a multiple of 212?
True
Is 238 a factor of 4116403?
False
Does 4204 divide 70772595?
False
Is 26039384 a multiple of 181?
True
Does 38 divide 6284136?
True
Is 333 a factor of 635367689?
False
Does 103 divide 200611761?
True
Is 32265792 a multiple of 64?
True
Does 471 divide 8775840?
False
Is 1258 a factor of 228854703?
False
Does 21 divide 44242857?
False
Is 118567280 a multiple of 16?
True
Is 10 a factor of 1937056004?
False
Is 13098517 a multiple of 62?
False
Is 14 a factor of 2581586420?
True
Is 11514056 a multiple of 34?
False
Does 11 divide 933138525?
True
Is 189319976 a multiple of 1478?
True
Is 46 a factor of 43670238?
True
Does 143 divide 28761018?
True
Is 405 a factor of 392371778?
False
Does 106 divide 1327014?
True
Is 32 a fa